 Calculate the highest common factor of 30 and b.
10
Suppose -2*r = -2*i - 28, -r + 21*i - 24*i = 6. Suppose j = -0*j + 81. What is the greatest common factor of r and j?
9
Suppose s - 16 = -s + 4*j, -s + 13 = 3*j. Suppose -61 + 1 = -2*b. What is the greatest common factor of b and s?
10
Let s = 8 - 8. Suppose 3*c + 141 = 5*g - s*c, 69 = 2*g + 3*c. Calculate the highest common factor of 20 and g.
10
Suppose 8*a - 315 = 5*a. Suppose a = -0*u + 5*u. Calculate the greatest common divisor of 3 and u.
3
Let u = 7 + -3. Let j = -13 - -28. Suppose 4 - j = -y - 2*b, 10 = -5*y + 3*b. What is the greatest common divisor of u and y?
1
Suppose 6*h - 2*h = -492. Let o = 211 + h. What is the highest common factor of 11 and o?
11
Let l(c) = 8*c - 16. Let v(k) = -3*k + 5. Let n(m) = 5*l(m) + 14*v(m). Let i be n(-9). Let h be 3*(-5)/(45/(-6)). What is the highest common factor of i and h?
2
Let n(x) = 9*x - 36. Let w be n(9). Calculate the highest common factor of w and 5.
5
Let z(w) = w**3 + 13*w**2 - w - 11. Let k be z(-13). Calculate the highest common divisor of 6 and k.
2
Let w(y) = y**2 + 6*y. Let l be w(-7). Let o(i) = i**3 + 10*i**2 + i + 24. Let n be o(-10). Calculate the greatest common divisor of l and n.
7
Let z(v) be the second derivative of v**4/12 + 5*v**3/6 + v**2/2 - 2*v. Let l be z(-5). What is the greatest common divisor of 5 and l?
1
Let j be 145/2*-2 - -3. Let r = -76 - j. What is the highest common divisor of r and 6?
6
Let m(x) = x**2 - 26*x - 35. Let r be m(28). Let t be (-1)/4 - 676/(-16). Calculate the highest common divisor of r and t.
21
Let v(q) = -3*q - 6*q**2 + 2 + 4*q**2 + q**2. Let x be v(-3). Suppose x*k - 4 = -0. What is the greatest common factor of k and 4?
2
Suppose -4*x + 69 = -2*x + o, -5*o + 73 = 2*x. Let l = -14 + x. What is the greatest common factor of l and 60?
20
Let r(n) = 23*n + 10. Let z be r(5). Calculate the highest common divisor of z and 25.
25
Let q = 26 - 18. What is the greatest common factor of q and 20?
4
Let l(k) = 27*k**2 - 2*k + 1. Let w be l(2). Let i be (1 - (-17 + 1)) + -2. Calculate the highest common factor of i and w.
15
Suppose p = -5 + 11. Calculate the greatest common factor of p and 15.
3
Suppose -5*n - 8 = -4*r, -3*n + r - 2 = n. Let c(y) = y**3 - y**2 + y + 5. Let j be c(n). Calculate the greatest common factor of 5 and j.
5
Let x = 16 - 11. Suppose 5*z = -x*j + 63 - 13, -3*j + 32 = 5*z. Let a = 61 - -11. What is the greatest common factor of j and a?
9
Let o(g) = 2*g**3 - 5*g**2 - 7*g + 10. Let q be o(6). What is the highest common factor of 20 and q?
20
Let q(k) = -2*k**3 + 2*k**2 + 8*k - 7. Let m be q(-5). What is the highest common divisor of 23 and m?
23
Let s = 5 - 7. Let z = 1 - s. Suppose -4*d - m + 14 = 2, 4*d - z*m + 4 = 0. Calculate the highest common divisor of d and 16.
2
Let j = 96 - 54. What is the greatest common factor of 21 and j?
21
Let b be (3/(-15))/(3/(-105)). Calculate the highest common divisor of b and 63.
7
Suppose -102 = -4*z - 14. Calculate the highest common divisor of 11 and z.
11
Suppose 5*i - 27 - 3 = 0. Let a(j) = 2*j - j - i*j. Let t be a(-10). Calculate the greatest common divisor of 20 and t.
10
Let k be (19/(-4))/((-2)/8). Let j be (-4)/(-14) + k/7. Suppose -j = f - 31. What is the greatest common divisor of f and 70?
14
Let j = 2 - 2. Let c be 5/(4*2/8). Suppose j = c*m - 10 - 25. What is the greatest common divisor of m and 21?
7
Let p(j) = j + 68. Let h be p(0). What is the highest common divisor of 17 and h?
17
Let s(h) = -3*h**2 + 12*h - 29. Let c(u) = u**2 - 6*u + 14. Let i(w) = -5*c(w) - 2*s(w). Let p be i(-9). Calculate the greatest common divisor of 105 and p.
15
Let y = -4 + 7. Suppose a = 5*s + 33, -2*a + 47 = 2*a - y*s. Let o(x) = x**2 - x - 1. Let j be o(2). What is the greatest common factor of j and a?
1
Let o = 9 - 4. Let v = 18 - o. Calculate the highest common factor of 117 and v.
13
Let v(i) be the first derivative of i**2/2 + 5*i - 6. Let d be v(4). Calculate the greatest common factor of d and 45.
9
Let o = -64 - -103. What is the greatest common divisor of o and 13?
13
Let l be (-2 + 2*-3)/(5/(-30)). What is the greatest common divisor of 32 and l?
16
Let t = -29 - 2. Let b = -12 - t. Calculate the greatest common factor of b and 152.
19
Suppose -5*v - 4*i = 29, 2*v - 3*i + 30 = -0*v. Let a be (1*2)/((-6)/v). Calculate the greatest common factor of a and 6.
3
Suppose 2*a + 5*f = 15, 3*a - 2*f - 75 = f. Suppose -5*h = -10, 4*w - h - 28 = 3*w. Calculate the greatest common factor of a and w.
10
Suppose 4*d - u = 322, 5*d = 4*u - u + 406. Calculate the highest common divisor of 16 and d.
16
Let y be 16/9 - (-4)/18. Suppose -r = -y*r + 44. Let h be (-4)/(-14) + 2304/21. Calculate the highest common divisor of r and h.
22
Let r = -25 - -17. Let h be ((-70)/r)/((-2)/(-8)). Suppose 5*y = 3*l + 79, -y - 4*l + 1 + 1 = 0. What is the highest common factor of h and y?
7
Suppose 2*q + 100 - 26 = 4*y, -4*y + 4*q + 84 = 0. Let i(m) = -m**2 + 6*m + 2. Let g be i(6). What is the greatest common factor of y and g?
2
Suppose 10 = p - 2*p. Let j = 18 + p. Calculate the highest common factor of 40 and j.
8
Let s = -5 + 12. Let l be -5*8/10*1. Let y(r) = -13*r - 3. Let k be y(l). What is the highest common divisor of s and k?
7
Suppose 0 = -0*c - 4*c + 8. Let x be (36/10)/(12/40). Let h = x - 2. Calculate the highest common factor of h and c.
2
Suppose 4*g + 21 = 5*g. Calculate the greatest common divisor of 105 and g.
21
Let m = -15 - -15. Suppose -3*p + 0*n + 12 = 5*n, -5*n - 15 = m. Calculate the greatest common factor of 72 and p.
9
Suppose -2*h + 3 = -3. Suppose 0 = 4*u - h - 9. Calculate the highest common divisor of u and 3.
3
Suppose -k = k - 4. Suppose 2*y = -k*y + 8. Suppose 0*x - 3*x + 6 = 0. Calculate the greatest common divisor of x and y.
2
Let o be (45/(-10))/((-6)/128). What is the greatest common divisor of 12 and o?
12
Let s(j) be the second derivative of -11*j**4/4 + j**3/3 + j. Let w be s(2). Let x = -11 - w. Calculate the highest common factor of x and 13.
13
Suppose -4 = 3*g + 2*k - 6*k, 1 = k. Suppose g = f + 4 - 8, b - 17 = -2*f. Let o be 4 - (-4 - (-30)/6). What is the greatest common divisor of o and b?
3
Suppose 0 = -i - q + 9, q - 6*q - 54 = -4*i. Let r be (-1)/(-2)*(37 + i). Suppose r = 3*j - j. What is the greatest common factor of 12 and j?
12
Let w(z) = z**3 + 6*z**2 + 4*z - 1. Let a be w(-4). What is the highest common divisor of 75 and a?
15
Let m = -181 + 392. Suppose -12 + m = d + 4*o, -d = -3*o - 227. Suppose -2*x + 9 = -d. Calculate the highest common divisor of 16 and x.
16
Suppose -2*a = 3*a - 60. Suppose 2*y - x = -0*y + 45, 4*y + x - 87 = 0. Let i = y - a. Calculate the greatest common factor of i and 4.
2
Let y(w) = -w**3 - 12*w**2 + 13*w + 17. Let c be y(-13). Calculate the greatest common factor of c and 34.
17
Let l(n) = 2*n + 18. Let h be l(6). What is the highest common factor of h and 6?
6
Suppose 3*t - 136 = -5*b, -b - 4*b = -3*t + 116. Suppose 4*q = -j + 61, -2*q = q + 2*j - 52. Calculate the highest common divisor of q and t.
14
Suppose -5*n + 33 = -32. Let l = 44 - 31. Calculate the greatest common divisor of n and l.
13
Let w(d) = 3*d**2 + 2*d - 10. Let n be w(4). Calculate the highest common factor of n and 115.
23
Suppose -b - 5*g + 35 = -g, 3*b - 4*g = 41. What is the highest common divisor of b and 19?
19
Suppose 0*o = o + h - 7, -5*o - 3*h = -39. Let d be (6/(-4) + 0)*2. Let f be (d/(-2))/(3/54). Calculate the highest common factor of f and o.
9
Let u(w) = w**2 + 4*w - 2. Let y be u(-5). Suppose -5*f = 4*s - 451, -5*f = -y*s - 240 - 218. Calculate the greatest common divisor of f and 13.
13
Suppose 4*a + 4*l + 106 = -30, 4*l - 62 = 2*a. Let s be ((-8)/6)/(2/a). What is the highest common factor of s and 22?
22
Let g be (-20)/(-3)*135/18. What is the highest common factor of 100 and g?
50
Let z = 12 + 43. Calculate the greatest common divisor of z and 11.
11
Suppose -3*y = -3*p + y - 434, -5*y + 439 = -3*p. Let k = -66 - p. Suppose -24 - 21 = -5*d. What is the greatest common factor of k and d?
9
Let s(j) = j**2 - j - 2. Let m be s(2). Let g(t) = t**2 + t + 1. Let q be g(m). Let f be ((-18)/4)/q*-12. What is the highest common divisor of 36 and f?
18
Let x = -35 - -50. Calculate the highes